{"version":"1.0","provider_name":"VMV Transport Company Mecklenburg-Western Pomerania","provider_url":"https:\/\/www.vmv-mbh.de\/en","author_name":"Katharina Henkel","author_url":"https:\/\/www.vmv-mbh.de\/en\/author\/katharina-henkel\/","title":"Landesnetz - VMV-Verkehrsgesellschaft Mecklenburg-Vorpommern","type":"rich","width":600,"height":338,"html":"<blockquote class=\"wp-embedded-content\" data-secret=\"wmBnGw4y6R\"><a href=\"https:\/\/www.vmv-mbh.de\/en\/landesnetz\/\">national network<\/a><\/blockquote><iframe sandbox=\"allow-scripts\" security=\"restricted\" src=\"https:\/\/www.vmv-mbh.de\/en\/landesnetz\/embed\/#?secret=wmBnGw4y6R\" width=\"600\" height=\"338\" title=\"&quot;State network&quot; - VMV-Verkehrsgesellschaft Mecklenburg-Vorpommern\" data-secret=\"wmBnGw4y6R\" frameborder=\"0\" marginwidth=\"0\" marginheight=\"0\" scrolling=\"no\" class=\"wp-embedded-content\"><\/iframe><script type=\"text\/javascript\">\n\/* <![CDATA[ *\/\n\/*! This file is auto-generated *\/\n!function(d,l){\"use strict\";l.querySelector&&d.addEventListener&&\"undefined\"!=typeof URL&&(d.wp=d.wp||{},d.wp.receiveEmbedMessage||(d.wp.receiveEmbedMessage=function(e){var t=e.data;if((t||t.secret||t.message||t.value)&&!\/[^a-zA-Z0-9]\/.test(t.secret)){for(var s,r,n,a=l.querySelectorAll('iframe[data-secret=\"'+t.secret+'\"]'),o=l.querySelectorAll('blockquote[data-secret=\"'+t.secret+'\"]'),c=new RegExp(\"^https?:$\",\"i\"),i=0;i<o.length;i++)o[i].style.display=\"none\";for(i=0;i<a.length;i++)s=a[i],e.source===s.contentWindow&&(s.removeAttribute(\"style\"),\"height\"===t.message?(1e3<(r=parseInt(t.value,10))?r=1e3:~~r<200&&(r=200),s.height=r):\"link\"===t.message&&(r=new URL(s.getAttribute(\"src\")),n=new URL(t.value),c.test(n.protocol))&&n.host===r.host&&l.activeElement===s&&(d.top.location.href=t.value))}},d.addEventListener(\"message\",d.wp.receiveEmbedMessage,!1),l.addEventListener(\"DOMContentLoaded\",function(){for(var e,t,s=l.querySelectorAll(\"iframe.wp-embedded-content\"),r=0;r<s.length;r++)(t=(e=s[r]).getAttribute(\"data-secret\"))||(t=Math.random().toString(36).substring(2,12),e.src+=\"#?secret=\"+t,e.setAttribute(\"data-secret\",t)),e.contentWindow.postMessage({message:\"ready\",secret:t},\"*\")},!1)))}(window,document);\n\/\/# sourceURL=https:\/\/www.vmv-mbh.de\/wp-includes\/js\/wp-embed.min.js\n\/* ]]> *\/\n<\/script>","thumbnail_url":"https:\/\/www.vmv-mbh.de\/wp-content\/uploads\/Header_Mobioffensive_IMG_1920_700_2-1.jpg","thumbnail_width":1920,"thumbnail_height":700,"description":"Mobilit\u00e4tsoffensive MV Im Fr\u00fchjahr 2023 wurde vom Landesminister f\u00fcr Wirtschaft, Infrastruktur, Tourismus und \u00adArbeit, Reinhard Meyer, die Mobilit\u00e4tsoffensive MV vorgestellt. Ihr Ziel ist der Ausbau des \u00d6ffentlichen Personennahverkehrs (\u00d6PNV) und insbesondere die Erh\u00f6hung des Angebots an \u00f6ffentlicher Mobilit\u00e4t im l\u00e4ndlichen Raum. \u201eDer Umstieg vom motorisierten Individualverkehr auf Bus und Bahn wird nur gelingen, wenn wir&hellip;"}

Mobilitätsoffensive MV Im Frühjahr 2023 wurde vom Landesminister für Wirtschaft, Infrastruktur, Tourismus und ­Arbeit, Reinhard Meyer, die Mobilitätsoffensive MV vorgestellt. Ihr Ziel ist der Ausbau des Öffentlichen Personennahverkehrs (ÖPNV) und insbesondere die Erhöhung des Angebots an öffentlicher Mobilität im ländlichen Raum. „Der Umstieg vom motorisierten Individualverkehr auf Bus und Bahn wird nur gelingen, wenn wir&hellip;
